{"id":12,"date":"2025-02-28T11:32:09","date_gmt":"2025-02-28T10:32:09","guid":{"rendered":"https:\/\/www.wfo.world\/?page_id=12"},"modified":"2025-10-26T15:59:30","modified_gmt":"2025-10-26T14:59:30","slug":"accueil","status":"publish","type":"page","link":"https:\/\/www.wfo.world\/","title":{"rendered":"Accueil"},"content":{"rendered":"<h1>WFO \u2013 World Federation Octoball<\/h1>\n<p>La WFO (World Federation Octoball) est l\u2019instance mondiale supr\u00eame du sport Octoball. Elle d\u00e9finit les r\u00e8gles, les orientations strat\u00e9giques et les standards internationaux de cette discipline en plein essor, fond\u00e9e sur des valeurs de respect, d\u2019agilit\u00e9, d\u2019intelligence collective et d\u2019inclusion.<\/p>\n<p>V\u00e9ritable moteur de l\u2019expansion mondiale de l\u2019Octoball, la WFO est charg\u00e9e de :<\/p>\n<ul>\n<li>Structurer la gouvernance internationale du sport<\/li>\n<li>Cr\u00e9er et superviser les f\u00e9d\u00e9rations continentales (OCAN pour l\u2019Afrique, EFO pour l\u2019Europe, AFO pour l\u2019Asie, etc.)<\/li>\n<li>Encadrer les comp\u00e9titions mondiales officielles (Coupes du Monde, World Series, Championnats intercontinentaux)<\/li>\n<li>D\u00e9finir le cadre p\u00e9dagogique, \u00e9thique et r\u00e9glementaire du sport<\/li>\n<li>Promouvoir l\u2019Octoball aupr\u00e8s des institutions internationales et des acteurs \u00e9ducatifs<\/li>\n<\/ul>\n<p><strong>Mod\u00e8le organisationnel :<\/strong><br \/>WFO (monde) \u2192 F\u00e9d\u00e9rations Continentales \u2192 F\u00e9d\u00e9rations Nationales<\/p>\n<p>Pr\u00e9sente sur tous les continents, la WFO \u0153uvre pour faire de l\u2019Octoball un sport global, accessible, formateur et f\u00e9d\u00e9rateur, au service de la jeunesse mondiale.<\/p>\n<p><a href=\"https:\/\/www.wfo.world\/wp-content\/uploads\/2025\/10\/Reglement_Octoball_WFO_2025-compressed.pdf\">Reglement_Octoball_WFO_2025 compressed<\/a><\/p>\n\n\n<h2 class=\"wp-block-heading\">NEWS<\/h2>\n\n\n<div class=\"wp-block-themezee-magazine-blocks-list tz-magazine-block \"><div class=\"tz-magazine-list tz-magazine-list-50-50\"><div class=\"tz-post-wrap\"><article id=\"post-82\" class=\"tz-magazine-post post-82 post tz-type-post status-publish format-standard hentry category-non-classe tag-nicolas-fabre\"><div class=\"tz-post-image\"><figure class=\"tz-entry-image entry-image\"><a href=\"https:\/\/www.wfo.world\/?p=82\" rel=\"bookmark\"><img loading=\"lazy\" decoding=\"async\" src=\"https:\/\/www.wfo.world\/wp-content\/plugins\/themezee-magazine-blocks\/public\/images\/default-featured-image.png\" class=\"attachment-full size-full wp-post-image\" width=\"1600\" height=\"1200\" alt \/><\/a><\/figure><\/div><div class=\"tz-post-content\"><header class=\"tz-entry-header entry-header\"><div class=\"tz-entry-meta entry-meta\"><span class=\"tz-meta-date meta-date tz-meta-field\"><a href=\"https:\/\/www.wfo.world\/?p=82\" title=\"22h14\" rel=\"bookmark\"><time class=\"published updated\" datetime=\"2026-02-02T22:14:12+01:00\">2 f\u00e9vrier 2026<\/time><\/a><\/span><span class=\"tz-meta-author meta-author tz-meta-field author vcard\"><a class=\"url fn n\" href=\"https:\/\/www.wfo.world\/?author=3\" title=\"View all posts by Framboise GOMMENDY\" rel=\"author\">Framboise GOMMENDY<\/a><\/span><\/div><h2 class=\"tz-entry-title entry-title\"><a href=\"https:\/\/www.wfo.world\/?p=82\" rel=\"bookmark\">OCTOBALL : VISION 2030<\/a><\/h2><\/header><div class=\"tz-entry-content entry-content\"><p>L\u2019Octoball est n\u00e9 pour rassembler. Dans un monde en constante \u00e9volution, nous croyons au pouvoir du sport pour unir les peuples, transmettre des valeurs et <span class=\"tz-excerpt-more\">[&hellip;]<\/span><\/p><\/div><\/div><\/article><\/div><div class=\"tz-post-wrap\"><article id=\"post-78\" class=\"tz-magazine-post post-78 post tz-type-post status-publish format-standard has-post-thumbnail hentry category-news tag-geneve tag-suisse\"><div class=\"tz-post-image\"><figure class=\"tz-entry-image entry-image\"><a href=\"https:\/\/www.wfo.world\/?p=78\" rel=\"bookmark\"><img loading=\"lazy\" decoding=\"async\" width=\"1187\" height=\"727\" src=\"https:\/\/www.wfo.world\/wp-content\/uploads\/2025\/11\/2025-11-18-23_22_58-a32a06af-995e-40fa-858b-e85257bff7ad.jpeg-FastStone-Image-Viewer-8.1.jpg\" class=\"attachment-full size-full wp-post-image\" alt=\"\" \/><\/a><\/figure><\/div><div class=\"tz-post-content\"><header class=\"tz-entry-header entry-header\"><div class=\"tz-entry-meta entry-meta\"><span class=\"tz-meta-date meta-date tz-meta-field\"><a href=\"https:\/\/www.wfo.world\/?p=78\" title=\"23h33\" rel=\"bookmark\"><time class=\"published updated\" datetime=\"2025-11-18T23:33:50+01:00\">18 novembre 2025<\/time><\/a><\/span><span class=\"tz-meta-author meta-author tz-meta-field author vcard\"><a class=\"url fn n\" href=\"https:\/\/www.wfo.world\/?author=3\" title=\"View all posts by Framboise GOMMENDY\" rel=\"author\">Framboise GOMMENDY<\/a><\/span><\/div><h2 class=\"tz-entry-title entry-title\"><a href=\"https:\/\/www.wfo.world\/?p=78\" rel=\"bookmark\">Une belle soir\u00e9e \u00e0 Gen\u00e8ve<\/a><\/h2><\/header><div class=\"tz-entry-content entry-content\"><p>PlaySports pr\u00e9sente l\u2019Octoball au gala du Centenaire de l\u2019AGFC (Association Genevoise de Football Corporatif) <span class=\"tz-excerpt-more\">[&hellip;]<\/span><\/p><\/div><\/div><\/article><\/div><div class=\"tz-post-wrap\"><article id=\"post-56\" class=\"tz-magazine-post post-56 post tz-type-post status-publish format-standard has-post-thumbnail hentry category-news tag-gabriel-lignieres tag-geneve tag-nicolas-fabre tag-octoball tag-suisse\"><div class=\"tz-post-image\"><figure class=\"tz-entry-image entry-image\"><a href=\"https:\/\/www.wfo.world\/?p=56\" rel=\"bookmark\"><img loading=\"lazy\" decoding=\"async\" width=\"1600\" height=\"1196\" src=\"https:\/\/www.wfo.world\/wp-content\/uploads\/2025\/06\/c9d65d2f-6f80-408c-a2d8-809c9bc31614.jpeg\" class=\"attachment-full size-full wp-post-image\" alt=\"\" \/><\/a><\/figure><\/div><div class=\"tz-post-content\"><header class=\"tz-entry-header entry-header\"><div class=\"tz-entry-meta entry-meta\"><span class=\"tz-meta-date meta-date tz-meta-field\"><a href=\"https:\/\/www.wfo.world\/?p=56\" title=\"19h20\" rel=\"bookmark\"><time class=\"published updated\" datetime=\"2025-06-16T19:20:56+02:00\">16 juin 2025<\/time><\/a><\/span><span class=\"tz-meta-author meta-author tz-meta-field author vcard\"><a class=\"url fn n\" href=\"https:\/\/www.wfo.world\/?author=3\" title=\"View all posts by Framboise GOMMENDY\" rel=\"author\">Framboise GOMMENDY<\/a><\/span><\/div><h2 class=\"tz-entry-title entry-title\"><a href=\"https:\/\/www.wfo.world\/?p=56\" rel=\"bookmark\">Octoball arrive en Suisse!<\/a><\/h2><\/header><div class=\"tz-entry-content entry-content\"><p>Ce samedi 14 juin 2025, l\u2019Octoball a \u00e9t\u00e9 pr\u00e9sent\u00e9 pour la premi\u00e8re fois sur le territoire helv\u00e9tique, \u00e0 Gen\u00e8ve&#8230;. <span class=\"tz-excerpt-more\">[&hellip;]<\/span><\/p><\/div><\/div><\/article><\/div><\/div><\/div>","protected":false},"excerpt":{"rendered":"<p>WFO \u2013 World Federation Octoball La WFO (World Federation Octoball) est l\u2019instance mondiale supr\u00eame du sport Octoball. Elle d\u00e9finit les<\/p>\n","protected":false},"author":3,"featured_media":0,"parent":0,"menu_order":0,"comment_status":"closed","ping_status":"closed","template":"","meta":{"footnotes":""},"class_list":["post-12","page","type-page","status-publish","hentry","comments-off"],"_links":{"self":[{"href":"https:\/\/www.wfo.world\/index.php?rest_route=\/wp\/v2\/pages\/12","targetHints":{"allow":["GET"]}}],"collection":[{"href":"https:\/\/www.wfo.world\/index.php?rest_route=\/wp\/v2\/pages"}],"about":[{"href":"https:\/\/www.wfo.world\/index.php?rest_route=\/wp\/v2\/types\/page"}],"author":[{"embeddable":true,"href":"https:\/\/www.wfo.world\/index.php?rest_route=\/wp\/v2\/users\/3"}],"replies":[{"embeddable":true,"href":"https:\/\/www.wfo.world\/index.php?rest_route=%2Fwp%2Fv2%2Fcomments&post=12"}],"version-history":[{"count":8,"href":"https:\/\/www.wfo.world\/index.php?rest_route=\/wp\/v2\/pages\/12\/revisions"}],"predecessor-version":[{"id":77,"href":"https:\/\/www.wfo.world\/index.php?rest_route=\/wp\/v2\/pages\/12\/revisions\/77"}],"wp:attachment":[{"href":"https:\/\/www.wfo.world\/index.php?rest_route=%2Fwp%2Fv2%2Fmedia&parent=12"}],"curies":[{"name":"wp","href":"https:\/\/api.w.org\/{rel}","templated":true}]}}